digit of 32359?
3
What is the tens digit of 256052?
5
What is the units digit of 3990837?
7
What is the tens digit of 33469482?
8
What is the ten thousands digit of 13204034?
0
What is the units digit of 663282?
2
What is the millions digit of 16854770?
6
What is the millions digit of 5557015?
5
What is the hundred thousands digit of 275489?
2
What is the hundred thousands digit of 11128333?
1
What is the ten thousands digit of 8556714?
5
What is the hundreds digit of 1125035?
0
What is the ten thousands digit of 1055752?
5
What is the millions digit of 8007522?
8
What is the units digit of 8739883?
3
What is the units digit of 76994?
4
What is the thousands digit of 410612?
0
What is the tens digit of 45034866?
6
What is the thousands digit of 5021465?
1
What is the hundred thousands digit of 1861428?
8
What is the tens digit of 995259?
5
What is the tens digit of 185613?
1
What is the thousands digit of 1494987?
4
What is the units digit of 148194?
4
What is the ten thousands digit of 3977283?
7
What is the thousands digit of 546459?
6
What is the hundred thousands digit of 189668?
1
What is the thousands digit of 5322313?
2
What is the tens digit of 1074512?
1
What is the millions digit of 2838402?
2
What is the thousands digit of 2085436?
5
What is the millions digit of 1045303?
1
What is the thousands digit of 745801?
5
What is the ten thousands digit of 9773705?
7
What is the millions digit of 1272478?
1
What is the tens digit of 237521?
2
What is the tens digit of 16811540?
4
What is the units digit of 10163407?
7
What is the tens digit of 3191860?
6
What is the hundreds digit of 8780967?
9
What is the ten thousands digit of 23955357?
5
What is the hundreds digit of 240419?
4
What is the hundred thousands digit of 321680?
3
What is the ten thousands digit of 592596?
9
What is the ten thousands digit of 1597550?
9
What is the tens digit of 3157978?
7
What is the thousands digit of 81540?
1
What is the millions digit of 1430959?
1
What is the hundreds digit of 512272?
2
What is the hundreds digit of 396654?
6
What is the units digit of 4475475?
5
What is the ten thousands digit of 520252?
2
What is the ten thousands digit of 43017?
4
What is the tens digit of 17043647?
4
What is the tens digit of 285497?
9
What is the hundred thousands digit of 805966?
8
What is the units digit of 747186?
6
What is the thousands digit of 759789?
9
What is the ten thousands digit of 255109?
5
What is the thousands digit of 4338750?
8
What is the thousands digit of 2156323?
6
What is the thousands digit of 1009682?
9
What is the ten thousands digit of 700697?
0
What is the tens digit of 3102625?
2
What is the tens digit of 47919?
1
What is the millions digit of 1870970?
1
What is the millions digit of 9966794?
9
What is the thousands digit of 2658470?
8
What is the tens digit of 613448?
4
What is the hundreds digit of 4244657?
6
What is the thousands digit of 2117155?
7
What is the tens digit of 12211524?
2
What is the ten thousands digit of 3831455?
3
What is the hundreds digit of 2388641?
6
What is the thousands digit of 5977819?
7
What is the hundred thousands digit of 289179?
2
What is the hundreds digit of 260846?
8
What is the hundred thousands digit of 310938?
3
What is the ten thousands digit of 206437?
0
What is the tens digit of 447854?
5
What is the units digit of 6272503?
3
What is the units digit of 94871?
1
What is the hundreds digit of 6864?
8
What is the hundreds digit of 7449089?
0
What is the ten thousands digit of 934709?
3
What is the thousands digit of 395366?
5
What is the hundred thousands digit of 2728980?
7
What is the ten thousands digit of 140680?
4
What is the ten thousands digit of 1120042?
2
What is the units digit of 124816?
6
What is the hundred thousands digit of 668184?
6
What is the hundreds digit of 11714777?
7
What is the millions digit of 19463111?
9
What is the hundred thousands digit of 149236?
1
What is the tens digit of 220027?
2
What is the units digit of 486764?
4
What is the thousands digit of 170236?
0
What is the hundred thousands digit of 1770031?
7
What is the thousands digit of 504355?
4
What is the hundreds digit of 5516498?
4
What is the ten thousands digit of 29367471?
6
What is the hundreds digit of 395609?
6
What is the tens digit of 11335115?
1
What is the tens digit of 7557645?
4
What is the ten thousands digit of 10249564?
4
What is the tens digit of 2275863?
6
What is the hundred thousands digit of 683232?
6
What is the thousands digit of 8145192?
5
What is the millions digit of 5919330?
5
What is the units digit of 6294503?
3
What is the units digit of 430839?
9
What is the hundred thousands digit of 435626?
4
What is the hundred thousands digit of 1096965?
0
What is the hundreds digit of 2601777?
7
What is the ten thousands digit of 5957572?
5
What is the hundred thousands digit of 264730?
2
What is the ten thousands digit of 4132807?
3
What is the units digit of 36227478?
8
What is the tens digit of 1838025?
2
What is the thousands digit of 102115?
2
What is the tens digit of 786208?
0
What is the hundred thousands digit of 1686760?
6
What is the units digit of 2964243?
3
What is the thousands digit of 62655?
2
What is the thousands digit of 3131698?
1
What is the thousands digit of 23226?
3
What is the hundred thousands digit of 1451721?
4
What is the thousands digit of 58987?
8
What is the hundreds digit of 372217?
2
What is the tens digit of 185742?
4
What is the ten millions digit of 40884012?
4
What is the millions digit of 4432821?
4
What is the hundred thousands digit of 100085?
1
What is the tens digit of 481093?
9
What is the thousands digit of 139066?
9
What is the units digit of 15532240?
0
What is the ten thousands digit of 11415336?
1
What is the ten thousands digit of 398647?
9
What is the units digit of 512927?
7
What is the units digit of 1887544?
4
What is the hundreds digit of 447658?
6
What is the ten thousands digit of 1895356?
9
What is the millions digit of 2054672?
2
What is the thousands digit of 589231?
9
What is the thousands digit of 103152?
3
What is the units digit of 576499?
9
What is the units digit of 2057918?
8
What is the ten thousands digit of 561310?
6
What is the hundred thousands digit of 5664741?
6
What is the millions digit of 1128755?
1
What is the hundreds digit of 37798?
7
What is the tens digit of 979713?
1
What is the hundreds digit of 3772716?
7
What is the thousands digit of 7523978?
3
What is the tens digit of 946267?
6
What is the hundred thousands digit of 968486?
9
What is the hundreds digit of 2614971?
9
What is the hundreds digit of 1029613?
6
What is the tens digit of 208989?
8
What is the units digit of 22521?
1
What is the thousands digit of 23047627?
7
What is the units digit of 2016277?
7
What is the units digit of 27775?
5
What is the hundreds digit of 6707941?
9
What is the ten thousands digit of 50759?
5
What is the millions digit of 13499675?
3
What is the thousands digit of 74631?
4
What is the hundreds digit of 5666613?
6
What is the thousands digit of 8218776?
8
What is the units digit of 253783?
3
What is the ten thousands digit of 7106163?
0
What is the units digit of 80086?
6
What is the millions digit of 1751296?
1
What is the ten thousands digit of 482407?
8
What is the thousands digit of 88947?
8
What is the ten thousands digit of 18051982?
5
What is the hundreds digit of 1359160?
1
What is the units digit of 4913973?
3
What is the thousands digit of 295965?
5
What is the hundreds digit of 42795?
7
What is the hundred thousands digit of 13206933?
2
What is the hundred thousands digit of 3331426?
3
What is the thousands digit of 5333484?
3
What is the tens digit of 96125?
2
What is the ten thousands digit of 7137532?
3
What is the units digit of 2314710?
0
What is the tens digit of 230772?
7
What is the tens digit of 88202?
0
What is the thousands digit of 33208?
3
What is the thousands digit of 3044106?
4
What is the millions digit of 2043862?
2
What is the tens digit of 1006613?
1
What is the ten thousands digit of 104350?
0
What is the units digit of 2048845?
5
What is the hundreds digit of 3888613?
6
What is the hundred thousands digit of 345064?
3
What is the hundred thousands digit of 637998?
6
What is the hundreds d